{"id":162,"date":"2025-12-20T11:02:31","date_gmt":"2025-12-20T11:02:31","guid":{"rendered":"https:\/\/digespedi.us.edu.pl\/?page_id=162"},"modified":"2026-01-30T10:45:54","modified_gmt":"2026-01-30T10:45:54","slug":"dominik-gegotek","status":"publish","type":"page","link":"https:\/\/digespedi.us.edu.pl\/index.php\/dominik-gegotek\/","title":{"rendered":"Dominik G\u0119gotek"},"content":{"rendered":"\n<figure class=\"wp-block-image aligncenter size-full is-resized\"><img loading=\"lazy\" decoding=\"async\" width=\"1646\" height=\"2469\" src=\"https:\/\/digespedi.us.edu.pl\/wp-content\/uploads\/2026\/01\/1767701375181.jpg\" alt=\"Profile picture of Dominik G\u0119gotek\" class=\"wp-image-454\" style=\"width:200px\" srcset=\"https:\/\/digespedi.us.edu.pl\/wp-content\/uploads\/2026\/01\/1767701375181.jpg 1646w, https:\/\/digespedi.us.edu.pl\/wp-content\/uploads\/2026\/01\/1767701375181-200x300.jpg 200w, https:\/\/digespedi.us.edu.pl\/wp-content\/uploads\/2026\/01\/1767701375181-683x1024.jpg 683w, https:\/\/digespedi.us.edu.pl\/wp-content\/uploads\/2026\/01\/1767701375181-768x1152.jpg 768w, https:\/\/digespedi.us.edu.pl\/wp-content\/uploads\/2026\/01\/1767701375181-1024x1536.jpg 1024w, https:\/\/digespedi.us.edu.pl\/wp-content\/uploads\/2026\/01\/1767701375181-1365x2048.jpg 1365w\" sizes=\"auto, (max-width: 1646px) 100vw, 1646px\" \/><\/figure>\n\n\n\n<h2 class=\"wp-block-heading has-text-align-center has-xx-large-font-size\">Dominik G\u0119gotek<\/h2>\n\n\n\n<p class=\"has-text-align-center\">PhD Candidate<\/p>\n\n\n\n<p>Personal website: <a href=\"http:\/\/dominikgegotek.eu\">dominikgegotek.eu<\/a><\/p>\n\n\n\n<p>ORCID: <a href=\"https:\/\/orcid.org\/0009-0001-5807-274X\">0009-0001-5807-274X<\/a><\/p>\n\n\n\n<p>Email: <a href=\"mailto:dominik.gegotek@us.edu.pl\">dominik.gegotek@us.edu.pl<\/a><\/p>\n\n\n\n<p>Dominik G\u0119gotek is a Ph.D. student at the Doctoral School of University of Silesia in Katowice. His Ph.D. dissertation is entitled <em>Hedging in Citizen Science discourse: Negotiating contributions to GitHub open-source projects<\/em>. One of the aims of his project is the creation of a large corpus of citizen science online communication and a tool for corpus analysis in cooperation with Agnieszka Ziora, MA.<\/p>\n\n\n\n<p>His research interests include:<\/p>\n\n\n\n<ul class=\"wp-block-list\">\n<li><strong>pragmatics,<\/strong><\/li>\n\n\n\n<li><strong>politeness and impoliteness strategies,<\/strong><\/li>\n\n\n\n<li><strong>online communication discourse,<\/strong><\/li>\n\n\n\n<li><strong>citizen science,<\/strong><\/li>\n\n\n\n<li><strong>corpus linguistics.<\/strong><\/li>\n<\/ul>\n\n\n\n<p>He is a member of the NEOlinguists research club and the DIGESPEDI research team. He also took part in several scientific conferences including International Young Linguists&#8217; Conference ATENA 2025, Oriental Meetings in Sosnowiec, and IX Konferencja Mi\u0119dzynarodowa Uczelni Lingwistyczno-Technicznej w Przasnyszu, presenting topics connected with hedging expressions and corpus analysis. Additionally, he has experience in software creation, programming, and computer science, as he graduated from technical secondary school and holds the title of an IT technician.<\/p>\n\n\n\n<h2 class=\"wp-block-heading\">Publications<\/h2>\n\n\n\n<p>Ziora, A., &amp; G\u0119gotek, D. (2025). Analysing Values and Emotions in the Face of Modern Changes \u2013 from Psychological Categorization Systems to Computational Linguistic Analysis. W E. Sternal, L. Kilewaja, J. Burzy\u0144ska-Sylwestrzak, &amp; T. Fojt (Redaktorzy), <em>J\u0119zyk warto\u015bci: wyzwania wsp\u00f3\u0142czesnego \u015bwiata<\/em> (s. 102\u2013124). Wydawnictwo Uczelni Lingwistyczno-Technicznej w Przasnyszu.<\/p>\n\n\n\n<h2 class=\"wp-block-heading\">Conference presentations<\/h2>\n\n\n\n<p>G\u0119gotek D., &amp; Ziora A. (2025, November 28-29). <em>Nowoczesne narz\u0119dzia do analizy korpusowej \u2013 limitacje i mo\u017cliwo\u015bci<\/em> [Modern tools for computational analysis \u2013 limitations and possibilities] [Conference presentation]. \u201cGranice i przemiany: Inno\u015b\u0107, Do\u015bwiadczenie, Innowacja w perspektywie humanistycznej,\u201d Wydzia\u0142 Filologiczny Uniwersytetu \u0141\u00f3dzkiego, \u0141\u00f3d\u017a, Poland.<\/p>\n\n\n\n<p>G\u0119gotek D., &amp; Ziora, A. (2025, April 8). <em>Values Presented in Mission Statements of Technological Companies Connected with Open Source Software <\/em>[Conference presentation]. Atena 2025: Young Linguists\u2019 Conference, Rzesz\u00f3w, Poland. <\/p>\n\n\n\n<p>G\u0119gotek D., &amp; Ziora, A. (2025, March 24). <em>Hedging in Multicultural Discourse Based on an Open Source Project \u2013 Zotero<\/em> [Conference presentation]. OMIS \u2013 Oriental Meetings in Sosnowiec, Sosnowiec, Poland.<\/p>\n\n\n\n<p>Ziora, A., &amp; G\u0119gotek, D. (2024, December 7). <em>Analysing values and emotions in the face of modern challenges \u2013 from psychological categorization systems to computational linguistic analysis<\/em> [Conference presentation]. IX Konferencja Mi\u0119dzynarodowa Uczelni Lingwistyczno-Technicznej w Przasnyszu \u201cJ\u0119zyk warto\u015bci: wyzwania wsp\u00f3\u0142czesnego \u015bwiata,\u201d Przasnysz, Poland.<\/p>\n\n\n\n<h2 class=\"wp-block-heading has-text-align-center\" style=\"margin-top:var(--wp--preset--spacing--40);margin-bottom:var(--wp--preset--spacing--40)\">Recent activities<\/h2>\n\n\n\n<div class=\"wp-block-query alignwide is-layout-flow wp-block-query-is-layout-flow\">\n<div class=\"wp-block-group is-layout-flow wp-block-group-is-layout-flow\" style=\"padding-top:var(--wp--preset--spacing--50);padding-bottom:var(--wp--preset--spacing--50)\"><ul class=\"wp-block-post-template is-layout-grid wp-container-core-post-template-is-layout-3cd8e4d2 wp-block-post-template-is-layout-grid\"><li class=\"wp-block-post post-636 post type-post status-publish format-standard has-post-thumbnail hentry category-uncategorized tag-dominik-gegotek tag-event\">\n<figure style=\"aspect-ratio:4\/3;\" class=\"wp-block-post-featured-image\"><a href=\"https:\/\/digespedi.us.edu.pl\/index.php\/2026\/03\/30\/award-in-the-competition-for-the-best-dissertation-on-equality-and-social-diversity\/\" target=\"_self\"  ><img loading=\"lazy\" decoding=\"async\" width=\"1122\" height=\"645\" src=\"https:\/\/digespedi.us.edu.pl\/wp-content\/uploads\/2026\/03\/konkurs-1.jpg\" class=\"attachment-post-thumbnail size-post-thumbnail wp-post-image\" alt=\"Award in the competition for the best dissertation on equality and social diversity\" style=\"width:100%;height:100%;object-fit:cover;\" srcset=\"https:\/\/digespedi.us.edu.pl\/wp-content\/uploads\/2026\/03\/konkurs-1.jpg 1122w, https:\/\/digespedi.us.edu.pl\/wp-content\/uploads\/2026\/03\/konkurs-1-300x172.jpg 300w, https:\/\/digespedi.us.edu.pl\/wp-content\/uploads\/2026\/03\/konkurs-1-1024x589.jpg 1024w, https:\/\/digespedi.us.edu.pl\/wp-content\/uploads\/2026\/03\/konkurs-1-768x441.jpg 768w\" sizes=\"auto, (max-width: 1122px) 100vw, 1122px\" \/><\/a><\/figure>\n\n<h2 class=\"wp-block-post-title\"><a href=\"https:\/\/digespedi.us.edu.pl\/index.php\/2026\/03\/30\/award-in-the-competition-for-the-best-dissertation-on-equality-and-social-diversity\/\" target=\"_self\" >Award in the competition for the best dissertation on equality and social diversity<\/a><\/h2>\n\n<div class=\"wp-block-post-excerpt\"><p class=\"wp-block-post-excerpt__excerpt\">We are pleased to announce that the Master&#8217;s thesis of our member, Dominik G\u0119gotek has just won the&hellip;<\/p><p class=\"wp-block-post-excerpt__more-text\"><a class=\"wp-block-post-excerpt__more-link\" href=\"https:\/\/digespedi.us.edu.pl\/index.php\/2026\/03\/30\/award-in-the-competition-for-the-best-dissertation-on-equality-and-social-diversity\/\">Read more<\/a><\/p><\/div>\n\n<div class=\"taxonomy-post_tag is-style-post-terms-1 is-style-post-terms-1--1 wp-block-post-terms\"><a href=\"https:\/\/digespedi.us.edu.pl\/index.php\/.\/dominik-gegotek\/\" rel=\"tag\">Dominik G\u0119gotek<\/a><span class=\"wp-block-post-terms__separator\"> <\/span><a href=\"https:\/\/digespedi.us.edu.pl\/index.php\/.\/event\/\" rel=\"tag\">event<\/a><\/div>\n<\/li><li class=\"wp-block-post post-329 post type-post status-publish format-standard has-post-thumbnail hentry category-uncategorized tag-agnieszka-ziora tag-dominik-gegotek tag-publication\">\n<figure style=\"aspect-ratio:4\/3;\" class=\"wp-block-post-featured-image\"><a href=\"https:\/\/digespedi.us.edu.pl\/index.php\/2025\/11\/30\/new-publication\/\" target=\"_self\"  ><img loading=\"lazy\" decoding=\"async\" width=\"456\" height=\"305\" src=\"https:\/\/digespedi.us.edu.pl\/wp-content\/uploads\/2025\/11\/Screenshot-From-2026-01-04-12-05-28.png\" class=\"attachment-post-thumbnail size-post-thumbnail wp-post-image\" alt=\"New article on computational analysis of values\" style=\"width:100%;height:100%;object-fit:cover;\" srcset=\"https:\/\/digespedi.us.edu.pl\/wp-content\/uploads\/2025\/11\/Screenshot-From-2026-01-04-12-05-28.png 456w, https:\/\/digespedi.us.edu.pl\/wp-content\/uploads\/2025\/11\/Screenshot-From-2026-01-04-12-05-28-300x201.png 300w\" sizes=\"auto, (max-width: 456px) 100vw, 456px\" \/><\/a><\/figure>\n\n<h2 class=\"wp-block-post-title\"><a href=\"https:\/\/digespedi.us.edu.pl\/index.php\/2025\/11\/30\/new-publication\/\" target=\"_self\" >New article on computational analysis of values<\/a><\/h2>\n\n<div class=\"wp-block-post-excerpt\"><p class=\"wp-block-post-excerpt__excerpt\">We are pleased to announce that our members, Agnieszka Ziora and Dominik G\u0119gotek have just published a book&hellip;<\/p><p class=\"wp-block-post-excerpt__more-text\"><a class=\"wp-block-post-excerpt__more-link\" href=\"https:\/\/digespedi.us.edu.pl\/index.php\/2025\/11\/30\/new-publication\/\">Read more<\/a><\/p><\/div>\n\n<div class=\"taxonomy-post_tag is-style-post-terms-1 is-style-post-terms-1--2 wp-block-post-terms\"><a href=\"https:\/\/digespedi.us.edu.pl\/index.php\/.\/agnieszka-ziora\/\" rel=\"tag\">Agnieszka Ziora<\/a><span class=\"wp-block-post-terms__separator\"> <\/span><a href=\"https:\/\/digespedi.us.edu.pl\/index.php\/.\/dominik-gegotek\/\" rel=\"tag\">Dominik G\u0119gotek<\/a><span class=\"wp-block-post-terms__separator\"> <\/span><a href=\"https:\/\/digespedi.us.edu.pl\/index.php\/.\/publication\/\" rel=\"tag\">publication<\/a><\/div>\n<\/li><li class=\"wp-block-post post-530 post type-post status-publish format-standard has-post-thumbnail hentry category-uncategorized tag-agnieszka-ziora tag-conference tag-dominik-gegotek\">\n<figure style=\"aspect-ratio:4\/3;\" class=\"wp-block-post-featured-image\"><a href=\"https:\/\/digespedi.us.edu.pl\/index.php\/2025\/11\/29\/conference-presentation-on-modern-computational-tools\/\" target=\"_self\"  ><img loading=\"lazy\" decoding=\"async\" width=\"1296\" height=\"972\" src=\"https:\/\/digespedi.us.edu.pl\/wp-content\/uploads\/2026\/01\/granice_przemiany.png\" class=\"attachment-post-thumbnail size-post-thumbnail wp-post-image\" alt=\"Conference presentation on modern computational tools\" style=\"width:100%;height:100%;object-fit:cover;\" srcset=\"https:\/\/digespedi.us.edu.pl\/wp-content\/uploads\/2026\/01\/granice_przemiany.png 1296w, https:\/\/digespedi.us.edu.pl\/wp-content\/uploads\/2026\/01\/granice_przemiany-300x225.png 300w, https:\/\/digespedi.us.edu.pl\/wp-content\/uploads\/2026\/01\/granice_przemiany-1024x768.png 1024w, https:\/\/digespedi.us.edu.pl\/wp-content\/uploads\/2026\/01\/granice_przemiany-768x576.png 768w\" sizes=\"auto, (max-width: 1296px) 100vw, 1296px\" \/><\/a><\/figure>\n\n<h2 class=\"wp-block-post-title\"><a href=\"https:\/\/digespedi.us.edu.pl\/index.php\/2025\/11\/29\/conference-presentation-on-modern-computational-tools\/\" target=\"_self\" >Conference presentation on modern computational tools<\/a><\/h2>\n\n<div class=\"wp-block-post-excerpt\"><p class=\"wp-block-post-excerpt__excerpt\">At the &#8220;Granice i przemiany: Inno\u015b\u0107, Do\u015bwiadczenie, Innowacja w perspektywie humanistycznej&#8221; [Limits and transformation: Otherness, Experience, Innovation from&hellip;<\/p><p class=\"wp-block-post-excerpt__more-text\"><a class=\"wp-block-post-excerpt__more-link\" href=\"https:\/\/digespedi.us.edu.pl\/index.php\/2025\/11\/29\/conference-presentation-on-modern-computational-tools\/\">Read more<\/a><\/p><\/div>\n\n<div class=\"taxonomy-post_tag is-style-post-terms-1 is-style-post-terms-1--3 wp-block-post-terms\"><a href=\"https:\/\/digespedi.us.edu.pl\/index.php\/.\/agnieszka-ziora\/\" rel=\"tag\">Agnieszka Ziora<\/a><span class=\"wp-block-post-terms__separator\"> <\/span><a href=\"https:\/\/digespedi.us.edu.pl\/index.php\/.\/conference\/\" rel=\"tag\">conference<\/a><span class=\"wp-block-post-terms__separator\"> <\/span><a href=\"https:\/\/digespedi.us.edu.pl\/index.php\/.\/dominik-gegotek\/\" rel=\"tag\">Dominik G\u0119gotek<\/a><\/div>\n<\/li><li class=\"wp-block-post post-533 post type-post status-publish format-standard has-post-thumbnail hentry category-uncategorized tag-agnieszka-ziora tag-conference tag-dominik-gegotek\">\n<figure style=\"aspect-ratio:4\/3;\" class=\"wp-block-post-featured-image\"><a href=\"https:\/\/digespedi.us.edu.pl\/index.php\/2025\/04\/08\/atena-2025-presentation-on-values-in-mission-statements-of-open-source-companies\/\" target=\"_self\"  ><img loading=\"lazy\" decoding=\"async\" width=\"632\" height=\"474\" src=\"https:\/\/digespedi.us.edu.pl\/wp-content\/uploads\/2026\/01\/atena_logo.jpg\" class=\"attachment-post-thumbnail size-post-thumbnail wp-post-image\" alt=\"Atena 2025: Presentation on values in mission statements of open source companies\" style=\"width:100%;height:100%;object-fit:cover;\" srcset=\"https:\/\/digespedi.us.edu.pl\/wp-content\/uploads\/2026\/01\/atena_logo.jpg 632w, https:\/\/digespedi.us.edu.pl\/wp-content\/uploads\/2026\/01\/atena_logo-300x225.jpg 300w\" sizes=\"auto, (max-width: 632px) 100vw, 632px\" \/><\/a><\/figure>\n\n<h2 class=\"wp-block-post-title\"><a href=\"https:\/\/digespedi.us.edu.pl\/index.php\/2025\/04\/08\/atena-2025-presentation-on-values-in-mission-statements-of-open-source-companies\/\" target=\"_self\" >Atena 2025: Presentation on values in mission statements of open source companies<\/a><\/h2>\n\n<div class=\"wp-block-post-excerpt\"><p class=\"wp-block-post-excerpt__excerpt\">At the Atena 2025 online conference organised by University of Rzeszow, Dominik G\u0119gotek and Agnieszka Ziora presented a&hellip;<\/p><p class=\"wp-block-post-excerpt__more-text\"><a class=\"wp-block-post-excerpt__more-link\" href=\"https:\/\/digespedi.us.edu.pl\/index.php\/2025\/04\/08\/atena-2025-presentation-on-values-in-mission-statements-of-open-source-companies\/\">Read more<\/a><\/p><\/div>\n\n<div class=\"taxonomy-post_tag is-style-post-terms-1 is-style-post-terms-1--4 wp-block-post-terms\"><a href=\"https:\/\/digespedi.us.edu.pl\/index.php\/.\/agnieszka-ziora\/\" rel=\"tag\">Agnieszka Ziora<\/a><span class=\"wp-block-post-terms__separator\"> <\/span><a href=\"https:\/\/digespedi.us.edu.pl\/index.php\/.\/conference\/\" rel=\"tag\">conference<\/a><span class=\"wp-block-post-terms__separator\"> <\/span><a href=\"https:\/\/digespedi.us.edu.pl\/index.php\/.\/dominik-gegotek\/\" rel=\"tag\">Dominik G\u0119gotek<\/a><\/div>\n<\/li><li class=\"wp-block-post post-537 post type-post status-publish format-standard has-post-thumbnail hentry category-uncategorized tag-agnieszka-ziora tag-conference tag-dominik-gegotek\">\n<figure style=\"aspect-ratio:4\/3;\" class=\"wp-block-post-featured-image\"><a href=\"https:\/\/digespedi.us.edu.pl\/index.php\/2025\/03\/24\/omis-2025-presentation-on-hedge-phrases-in-open-source-projects\/\" target=\"_self\"  ><img loading=\"lazy\" decoding=\"async\" width=\"724\" height=\"543\" src=\"https:\/\/digespedi.us.edu.pl\/wp-content\/uploads\/2026\/01\/omis.png\" class=\"attachment-post-thumbnail size-post-thumbnail wp-post-image\" alt=\"OMIS 2025: Presentation on hedge phrases in open source projects\" style=\"width:100%;height:100%;object-fit:cover;\" srcset=\"https:\/\/digespedi.us.edu.pl\/wp-content\/uploads\/2026\/01\/omis.png 724w, https:\/\/digespedi.us.edu.pl\/wp-content\/uploads\/2026\/01\/omis-300x225.png 300w\" sizes=\"auto, (max-width: 724px) 100vw, 724px\" \/><\/a><\/figure>\n\n<h2 class=\"wp-block-post-title\"><a href=\"https:\/\/digespedi.us.edu.pl\/index.php\/2025\/03\/24\/omis-2025-presentation-on-hedge-phrases-in-open-source-projects\/\" target=\"_self\" >OMIS 2025: Presentation on hedge phrases in open source projects<\/a><\/h2>\n\n<div class=\"wp-block-post-excerpt\"><p class=\"wp-block-post-excerpt__excerpt\">At the &#8220;Oriental meetings in Sosnowiec&#8221; conference in Sosnowiec, Poland, our members Agnieszka Ziora and Dominik G\u0119gotek presented&hellip;<\/p><p class=\"wp-block-post-excerpt__more-text\"><a class=\"wp-block-post-excerpt__more-link\" href=\"https:\/\/digespedi.us.edu.pl\/index.php\/2025\/03\/24\/omis-2025-presentation-on-hedge-phrases-in-open-source-projects\/\">Read more<\/a><\/p><\/div>\n\n<div class=\"taxonomy-post_tag is-style-post-terms-1 is-style-post-terms-1--5 wp-block-post-terms\"><a href=\"https:\/\/digespedi.us.edu.pl\/index.php\/.\/agnieszka-ziora\/\" rel=\"tag\">Agnieszka Ziora<\/a><span class=\"wp-block-post-terms__separator\"> <\/span><a href=\"https:\/\/digespedi.us.edu.pl\/index.php\/.\/conference\/\" rel=\"tag\">conference<\/a><span class=\"wp-block-post-terms__separator\"> <\/span><a href=\"https:\/\/digespedi.us.edu.pl\/index.php\/.\/dominik-gegotek\/\" rel=\"tag\">Dominik G\u0119gotek<\/a><\/div>\n<\/li><\/ul><\/div>\n\n\n\n<div class=\"wp-block-group is-layout-flow wp-block-group-is-layout-flow\"><\/div>\n<\/div>\n","protected":false},"excerpt":{"rendered":"<p>Dominik G\u0119gotek PhD Candidate Personal website: dominikgegotek.eu ORCID: 0009-0001-5807-274X Email: dominik.gegotek@us.edu.pl Dominik G\u0119gotek is a Ph.D. student at the Doctoral School of University of Silesia in Katowice. His Ph.D. dissertation is entitled Hedging in Citizen Science discourse: Negotiating contributions to GitHub open-source projects. One of the aims of his project is the creation of a [&hellip;]<\/p>\n","protected":false},"author":1,"featured_media":0,"parent":0,"menu_order":0,"comment_status":"closed","ping_status":"closed","template":"","meta":{"footnotes":""},"class_list":["post-162","page","type-page","status-publish","hentry"],"_links":{"self":[{"href":"https:\/\/digespedi.us.edu.pl\/index.php\/wp-json\/wp\/v2\/pages\/162","targetHints":{"allow":["GET"]}}],"collection":[{"href":"https:\/\/digespedi.us.edu.pl\/index.php\/wp-json\/wp\/v2\/pages"}],"about":[{"href":"https:\/\/digespedi.us.edu.pl\/index.php\/wp-json\/wp\/v2\/types\/page"}],"author":[{"embeddable":true,"href":"https:\/\/digespedi.us.edu.pl\/index.php\/wp-json\/wp\/v2\/users\/1"}],"replies":[{"embeddable":true,"href":"https:\/\/digespedi.us.edu.pl\/index.php\/wp-json\/wp\/v2\/comments?post=162"}],"version-history":[{"count":14,"href":"https:\/\/digespedi.us.edu.pl\/index.php\/wp-json\/wp\/v2\/pages\/162\/revisions"}],"predecessor-version":[{"id":594,"href":"https:\/\/digespedi.us.edu.pl\/index.php\/wp-json\/wp\/v2\/pages\/162\/revisions\/594"}],"wp:attachment":[{"href":"https:\/\/digespedi.us.edu.pl\/index.php\/wp-json\/wp\/v2\/media?parent=162"}],"curies":[{"name":"wp","href":"https:\/\/api.w.org\/{rel}","templated":true}]}}