{"id":24,"date":"2025-12-17T14:54:25","date_gmt":"2025-12-17T14:54:25","guid":{"rendered":"https:\/\/digespedi.us.edu.pl\/?page_id=24"},"modified":"2026-03-30T22:25:33","modified_gmt":"2026-03-30T20:25:33","slug":"conference-presentations","status":"publish","type":"page","link":"https:\/\/digespedi.us.edu.pl\/index.php\/conference-presentations\/","title":{"rendered":"Conference presentations"},"content":{"rendered":"\n<h2 class=\"wp-block-heading\">Conference presentations:<\/h2>\n\n\n\n<p>2026:<\/p>\n\n\n\n<ul class=\"wp-block-list\">\n<li>Warcha\u0142, K. (2026, March 18-20). <em>Recontextualisation through dialogue: The role(s) of a science show host<\/em>  [Conference presentation]. InterGedi2026, Zaragoza, Spain.<\/li>\n\n\n\n<li>Zalega, J. (2026, March 18-20). <em>Hyperfixating on movies and trauma dumping on dates: An exploratory study of concept creep on popular lifestyle and news websites<\/em> [Conference presentation]. Krakowskie Towarzystwo \u201eTERTIUM\u201d, Krak\u00f3w, Poland.<\/li>\n<\/ul>\n\n\n\n<p>2025:<\/p>\n\n\n\n<ul class=\"wp-block-list\">\n<li>G\u0119gotek D., &amp; Ziora A. (2025, November 28-29). <em>Nowoczesne narz\u0119dzia do analizy korpusowej &#8211; limitacje i mo\u017cliwo\u015bci<\/em> [Modern tools for computational analysis &#8211; limitations and possibilities] [Conference presentation]. &#8220;Granice i przemiany: Inno\u015b\u0107, Do\u015bwiadczenie, Innowacja w perspektywie humanistycznej,&#8221; Wydzia\u0142 Filologiczny Uniwersytetu \u0141\u00f3dzkiego, \u0141\u00f3d\u017a, Poland.<\/li>\n\n\n\n<li>G\u0119gotek D., &amp; Ziora, A. (2025, April 8). <em>Values Presented in Mission Statements of Technological Companies Connected with Open Source Software <\/em>[Conference presentation]. Atena 2025: Young Linguists&#8217; Conference, Rzesz\u00f3w, Poland.<\/li>\n\n\n\n<li>G\u0119gotek D., &amp; Ziora, A. (2025, March 24). <em>Hedging in Multicultural Discourse Based on an Open Source Project &#8211; Zotero<\/em> [Conference presentation]. OMIS &#8211; Oriental Meetings in Sosnowiec, Sosnowiec, Poland.<\/li>\n\n\n\n<li>Gierszal, S. &amp; Majer, A. (2025, March 27).&nbsp; <em>Niejednoznaczno\u015b\u0107 funkcji wyra\u017ce\u0144 metatekstowych na przyk\u0142adzie wiesz i you know<\/em> [Functional ambiguity of metatextual expressions: The case of wiesz and you know][Conference presentation]. \u201cJ\u0119zyki specjalistyczne w uj\u0119ciu diachronicznym i synchronicznym,\u201d Rybna k. Krakowa, Poland.<\/li>\n\n\n\n<li>Majer, A. &amp; Mamet, P. (2025, September 8-9). <em>Architecture as a&nbsp;source domain of metaphors in Business English: A&nbsp;cognitive study based on Robert Patterson&#8217;s compendia of banking, finance and accounting terms<\/em> [Conference presentation]. 11th Brno Conference on Linguistics Studies in English 2025 \u201cWhere theory meets practice: Advances in English linguistics,\u201d Brno, Czech Republic<\/li>\n\n\n\n<li>Ryker, K. M. (2025, September 24\u201326). <em>Methodological considerations in corpus-based digital genre research: The case of the online music review<\/em>. [Conference presentation]. &#8220;Applied Linguistics in the Face of the Challenges of a Changing World&#8221;, Institute of Applied Linguistics, Adam Mickiewicz University in Pozna\u0144, Poland.<\/li>\n\n\n\n<li>Ryker, K. M. (2025, March 24\u201326). <em>How do critics express their opinions in online music reviews? An&nbsp; analysis of evaluative language in online album reviews<\/em>. [Conference presentation]. &#8220;Contacts &amp; Contrasts 2025: Opinions in Language, Media &amp; Education&#8221;, The Department of Language and Communication of the Faculty of Humanities and Social Sciences at the University of Applied Sciences in Konin, Poland (online).<\/li>\n\n\n\n<li>Warcha\u0142, K. (2025, June 25\u201327). <em>Multimodal identity construction in science demonstration YouTube channels: The case of Explosions&amp;Fire<\/em> [Conference presentation]. 23rd International AELFE Conference \u201cRevisiting LSP in the Multimodal Literacy Age,\u201d Castell\u00f3n de la Plana, Spain.<\/li>\n\n\n\n<li>Warcha\u0142, K. (2025, March 22\u201325). <em>Considering the broader public: Responsibility and credibility in communicating science to diverse audiences<\/em> [Conference presentation]. AAAL 2025 Conference, Denver, CO, USA.<\/li>\n\n\n\n<li>Zalega, J. (2025, May 8). <em>Zewn\u0119trzne wp\u0142ywy leksykalne na j\u0119zyk angielski<\/em> [External lexical influences on the English language] [Conference presentation]. Mi\u0119dzynarodowa Konferencja Magistrant\u00f3w \u201ePoszanowanie inno\u015bci \u2013 akceptacja swojsko\u015bci\u201d, Szko\u0142a J\u0119zyka i Kultury Polskiej oraz Wydzia\u0142 Humanistyczny Uniwersytetu \u015al\u0105skiego, Katowice, Poland.<\/li>\n<\/ul>\n\n\n\n<p>2024:<\/p>\n\n\n\n<ul class=\"wp-block-list\">\n<li>Ryker, K. M. (2024, September 8\u201314). <em>Corpus-based genre analysis of online music reviews: Exploring the rhetorical structure<\/em>. [Conference presentation]. &#8220;21st International Congress of Linguists (ICL 2024)&#8221;, Comit\u00e9 International Permanent des Linguistes (CIPL), Adam Mickiewicz University in Pozna\u0144, Poland.&nbsp;<\/li>\n\n\n\n<li>Ryker, K. M. (2024, August 26\u201330). <em>Professional vs. consumer discourse communities: Comparative genre analysis of online music reviews<\/em>. [Conference presentation]. &#8220;The European Society for the Study of English 2024 Conference (17th ESSE Conference)&#8221;, University of Lausanne, Lausanne, Switzerland.<\/li>\n\n\n\n<li>Ryker, K. M. (2024, March 13\u201315). <em>Neologistic compounds in online music reviews<\/em>. [Conference presentation]. &#8220;Language of the Third Millennium XIII: Language in the Face of Technology&#8221;, Cracow Tertium Society for the Promotion of Language Studies, Cracow, Poland.<\/li>\n\n\n\n<li>Ziora, A., &amp; G\u0119gotek, D. (2024, December 7). <em>Analysing values and emotions in the face of modern challenges &#8211; from psychological categorization systems to computational linguistic analysis<\/em> [Conference presentation]. IX Konferencja Mi\u0119dzynarodowa Uczelni Lingwistyczno-Technicznej w Przasnyszu &#8220;J\u0119zyk warto\u015bci: wyzwania wsp\u00f3\u0142czesnego \u015bwiata,&#8221; Przasnysz, Poland.<\/li>\n<\/ul>\n\n\n\n<h2 class=\"wp-block-heading has-text-align-left\" style=\"margin-top:var(--wp--preset--spacing--40);margin-bottom:var(--wp--preset--spacing--40)\">Recent activities<\/h2>\n\n\n\n<div class=\"wp-block-query alignwide is-layout-flow wp-block-query-is-layout-flow\">\n<div class=\"wp-block-group is-layout-flow wp-block-group-is-layout-flow\" style=\"padding-top:var(--wp--preset--spacing--50);padding-bottom:var(--wp--preset--spacing--50)\"><ul class=\"wp-block-post-template is-layout-grid wp-container-core-post-template-is-layout-3cd8e4d2 wp-block-post-template-is-layout-grid\"><li class=\"wp-block-post post-650 post type-post status-publish format-standard has-post-thumbnail hentry category-uncategorized tag-anna-majer tag-conference\">\n<figure style=\"aspect-ratio:4\/3;\" class=\"wp-block-post-featured-image\"><a href=\"https:\/\/digespedi.us.edu.pl\/index.php\/2026\/04\/14\/specialist-languages-practice-and-theory-vi-presentation-on-recontextualization-in-science-communication\/\" target=\"_self\"  ><img loading=\"lazy\" decoding=\"async\" width=\"600\" height=\"336\" src=\"https:\/\/digespedi.us.edu.pl\/wp-content\/uploads\/2026\/04\/AM_rzeszow-2026.jpg\" class=\"attachment-post-thumbnail size-post-thumbnail wp-post-image\" alt=\"Specialist Languages: Practice and Theory VI: Presentation on recontextualization in science communication\" style=\"width:100%;height:100%;object-fit:cover;\" srcset=\"https:\/\/digespedi.us.edu.pl\/wp-content\/uploads\/2026\/04\/AM_rzeszow-2026.jpg 600w, https:\/\/digespedi.us.edu.pl\/wp-content\/uploads\/2026\/04\/AM_rzeszow-2026-300x168.jpg 300w\" sizes=\"auto, (max-width: 600px) 100vw, 600px\" \/><\/a><\/figure>\n\n<h2 class=\"wp-block-post-title\"><a href=\"https:\/\/digespedi.us.edu.pl\/index.php\/2026\/04\/14\/specialist-languages-practice-and-theory-vi-presentation-on-recontextualization-in-science-communication\/\" target=\"_self\" >Specialist Languages: Practice and Theory VI: Presentation on recontextualization in science communication<\/a><\/h2>\n\n<div class=\"wp-block-post-excerpt\"><p class=\"wp-block-post-excerpt__excerpt\">At the conference\u00a0Specialist Languages: Practice and Theory VI\u00a0(Rzesz\u00f3w, March 20, 2026),\u00a0Anna Majer\u00a0(University of Silesia in Katowice), in collaboration&hellip;<\/p><p class=\"wp-block-post-excerpt__more-text\"><a class=\"wp-block-post-excerpt__more-link\" href=\"https:\/\/digespedi.us.edu.pl\/index.php\/2026\/04\/14\/specialist-languages-practice-and-theory-vi-presentation-on-recontextualization-in-science-communication\/\">Read more<\/a><\/p><\/div>\n\n<div class=\"taxonomy-post_tag is-style-post-terms-1 is-style-post-terms-1--1 wp-block-post-terms\"><a href=\"https:\/\/digespedi.us.edu.pl\/index.php\/.\/anna-majer\/\" rel=\"tag\">Anna Majer<\/a><span class=\"wp-block-post-terms__separator\"> <\/span><a href=\"https:\/\/digespedi.us.edu.pl\/index.php\/.\/conference\/\" rel=\"tag\">conference<\/a><\/div>\n<\/li><li class=\"wp-block-post post-630 post type-post status-publish format-standard has-post-thumbnail hentry category-uncategorized tag-conference tag-jan-zalega\">\n<figure style=\"aspect-ratio:4\/3;\" class=\"wp-block-post-featured-image\"><a href=\"https:\/\/digespedi.us.edu.pl\/index.php\/2026\/03\/28\/conference-language-of-the-third-millennium-xiv-the-multimodal-turn-in-communication\/\" target=\"_self\"  ><img loading=\"lazy\" decoding=\"async\" width=\"456\" height=\"407\" src=\"https:\/\/digespedi.us.edu.pl\/wp-content\/uploads\/2026\/03\/Tertium_2026-03-27.jpg\" class=\"attachment-post-thumbnail size-post-thumbnail wp-post-image\" alt=\"Conference &#8220;Language of the Third Millennium XIV: The Multimodal Turn in Communication&#8221;\" style=\"width:100%;height:100%;object-fit:cover;\" srcset=\"https:\/\/digespedi.us.edu.pl\/wp-content\/uploads\/2026\/03\/Tertium_2026-03-27.jpg 456w, https:\/\/digespedi.us.edu.pl\/wp-content\/uploads\/2026\/03\/Tertium_2026-03-27-300x268.jpg 300w\" sizes=\"auto, (max-width: 456px) 100vw, 456px\" \/><\/a><\/figure>\n\n<h2 class=\"wp-block-post-title\"><a href=\"https:\/\/digespedi.us.edu.pl\/index.php\/2026\/03\/28\/conference-language-of-the-third-millennium-xiv-the-multimodal-turn-in-communication\/\" target=\"_self\" >Conference &#8220;Language of the Third Millennium XIV: The Multimodal Turn in Communication&#8221;<\/a><\/h2>\n\n<div class=\"wp-block-post-excerpt\"><p class=\"wp-block-post-excerpt__excerpt\">At the Language of the Third Millennium XIV: The Multimodal Turn in Communication conference in Cracow, Jan Zalega&hellip;<\/p><p class=\"wp-block-post-excerpt__more-text\"><a class=\"wp-block-post-excerpt__more-link\" href=\"https:\/\/digespedi.us.edu.pl\/index.php\/2026\/03\/28\/conference-language-of-the-third-millennium-xiv-the-multimodal-turn-in-communication\/\">Read more<\/a><\/p><\/div>\n\n<div class=\"taxonomy-post_tag is-style-post-terms-1 is-style-post-terms-1--2 wp-block-post-terms\"><a href=\"https:\/\/digespedi.us.edu.pl\/index.php\/.\/conference\/\" rel=\"tag\">conference<\/a><span class=\"wp-block-post-terms__separator\"> <\/span><a href=\"https:\/\/digespedi.us.edu.pl\/index.php\/.\/jan-zalega\/\" rel=\"tag\">Jan Zalega<\/a><\/div>\n<\/li><li class=\"wp-block-post post-619 post type-post status-publish format-standard has-post-thumbnail hentry category-uncategorized tag-conference tag-krystyna-warchal\">\n<figure style=\"aspect-ratio:4\/3;\" class=\"wp-block-post-featured-image\"><a href=\"https:\/\/digespedi.us.edu.pl\/index.php\/2026\/03\/24\/intergedi2026-presentation-on-recontextualisation-in-dialogue-based-host-moderated-science-events\/\" target=\"_self\"  ><img loading=\"lazy\" decoding=\"async\" width=\"754\" height=\"551\" src=\"https:\/\/digespedi.us.edu.pl\/wp-content\/uploads\/2026\/03\/InterGedi2026-1.jpg\" class=\"attachment-post-thumbnail size-post-thumbnail wp-post-image\" alt=\"InterGedi2026: Presentation on recontextualisation in dialogue-based events\" style=\"width:100%;height:100%;object-fit:cover;\" srcset=\"https:\/\/digespedi.us.edu.pl\/wp-content\/uploads\/2026\/03\/InterGedi2026-1.jpg 754w, https:\/\/digespedi.us.edu.pl\/wp-content\/uploads\/2026\/03\/InterGedi2026-1-300x219.jpg 300w\" sizes=\"auto, (max-width: 754px) 100vw, 754px\" \/><\/a><\/figure>\n\n<h2 class=\"wp-block-post-title\"><a href=\"https:\/\/digespedi.us.edu.pl\/index.php\/2026\/03\/24\/intergedi2026-presentation-on-recontextualisation-in-dialogue-based-host-moderated-science-events\/\" target=\"_self\" >InterGedi2026: Presentation on recontextualisation in dialogue-based events<\/a><\/h2>\n\n<div class=\"wp-block-post-excerpt\"><p class=\"wp-block-post-excerpt__excerpt\">At the InterGedi2026 conference in Zaragoza, Krystyna Warcha\u0142 presented the results of a case study on recontextualisation processes&hellip;<\/p><p class=\"wp-block-post-excerpt__more-text\"><a class=\"wp-block-post-excerpt__more-link\" href=\"https:\/\/digespedi.us.edu.pl\/index.php\/2026\/03\/24\/intergedi2026-presentation-on-recontextualisation-in-dialogue-based-host-moderated-science-events\/\">Read more<\/a><\/p><\/div>\n\n<div class=\"taxonomy-post_tag is-style-post-terms-1 is-style-post-terms-1--3 wp-block-post-terms\"><a href=\"https:\/\/digespedi.us.edu.pl\/index.php\/.\/conference\/\" rel=\"tag\">conference<\/a><span class=\"wp-block-post-terms__separator\"> <\/span><a href=\"https:\/\/digespedi.us.edu.pl\/index.php\/.\/krystyna-warchal\/\" rel=\"tag\">Krystyna Warcha\u0142<\/a><\/div>\n<\/li><li class=\"wp-block-post post-530 post type-post status-publish format-standard has-post-thumbnail hentry category-uncategorized tag-agnieszka-ziora tag-conference tag-dominik-gegotek\">\n<figure style=\"aspect-ratio:4\/3;\" class=\"wp-block-post-featured-image\"><a href=\"https:\/\/digespedi.us.edu.pl\/index.php\/2025\/11\/29\/conference-presentation-on-modern-computational-tools\/\" target=\"_self\"  ><img loading=\"lazy\" decoding=\"async\" width=\"1296\" height=\"972\" src=\"https:\/\/digespedi.us.edu.pl\/wp-content\/uploads\/2026\/01\/granice_przemiany.png\" class=\"attachment-post-thumbnail size-post-thumbnail wp-post-image\" alt=\"Conference presentation on modern computational tools\" style=\"width:100%;height:100%;object-fit:cover;\" srcset=\"https:\/\/digespedi.us.edu.pl\/wp-content\/uploads\/2026\/01\/granice_przemiany.png 1296w, https:\/\/digespedi.us.edu.pl\/wp-content\/uploads\/2026\/01\/granice_przemiany-300x225.png 300w, https:\/\/digespedi.us.edu.pl\/wp-content\/uploads\/2026\/01\/granice_przemiany-1024x768.png 1024w, https:\/\/digespedi.us.edu.pl\/wp-content\/uploads\/2026\/01\/granice_przemiany-768x576.png 768w\" sizes=\"auto, (max-width: 1296px) 100vw, 1296px\" \/><\/a><\/figure>\n\n<h2 class=\"wp-block-post-title\"><a href=\"https:\/\/digespedi.us.edu.pl\/index.php\/2025\/11\/29\/conference-presentation-on-modern-computational-tools\/\" target=\"_self\" >Conference presentation on modern computational tools<\/a><\/h2>\n\n<div class=\"wp-block-post-excerpt\"><p class=\"wp-block-post-excerpt__excerpt\">At the &#8220;Granice i przemiany: Inno\u015b\u0107, Do\u015bwiadczenie, Innowacja w perspektywie humanistycznej&#8221; [Limits and transformation: Otherness, Experience, Innovation from&hellip;<\/p><p class=\"wp-block-post-excerpt__more-text\"><a class=\"wp-block-post-excerpt__more-link\" href=\"https:\/\/digespedi.us.edu.pl\/index.php\/2025\/11\/29\/conference-presentation-on-modern-computational-tools\/\">Read more<\/a><\/p><\/div>\n\n<div class=\"taxonomy-post_tag is-style-post-terms-1 is-style-post-terms-1--4 wp-block-post-terms\"><a href=\"https:\/\/digespedi.us.edu.pl\/index.php\/.\/agnieszka-ziora\/\" rel=\"tag\">Agnieszka Ziora<\/a><span class=\"wp-block-post-terms__separator\"> <\/span><a href=\"https:\/\/digespedi.us.edu.pl\/index.php\/.\/conference\/\" rel=\"tag\">conference<\/a><span class=\"wp-block-post-terms__separator\"> <\/span><a href=\"https:\/\/digespedi.us.edu.pl\/index.php\/.\/dominik-gegotek\/\" rel=\"tag\">Dominik G\u0119gotek<\/a><\/div>\n<\/li><li class=\"wp-block-post post-522 post type-post status-publish format-standard has-post-thumbnail hentry category-uncategorized tag-conference tag-karolina-ryker\">\n<figure style=\"aspect-ratio:4\/3;\" class=\"wp-block-post-featured-image\"><a href=\"https:\/\/digespedi.us.edu.pl\/index.php\/2025\/10\/01\/presentation-on-corpus-based-digital-genre-research\/\" target=\"_self\"  ><img loading=\"lazy\" decoding=\"async\" width=\"691\" height=\"487\" src=\"https:\/\/digespedi.us.edu.pl\/wp-content\/uploads\/2026\/01\/Karolina_Poznan2025.jpg\" class=\"attachment-post-thumbnail size-post-thumbnail wp-post-image\" alt=\"Presentation on corpus-based digital genre research\" style=\"width:100%;height:100%;object-fit:cover;\" srcset=\"https:\/\/digespedi.us.edu.pl\/wp-content\/uploads\/2026\/01\/Karolina_Poznan2025.jpg 691w, https:\/\/digespedi.us.edu.pl\/wp-content\/uploads\/2026\/01\/Karolina_Poznan2025-300x211.jpg 300w\" sizes=\"auto, (max-width: 691px) 100vw, 691px\" \/><\/a><\/figure>\n\n<h2 class=\"wp-block-post-title\"><a href=\"https:\/\/digespedi.us.edu.pl\/index.php\/2025\/10\/01\/presentation-on-corpus-based-digital-genre-research\/\" target=\"_self\" >Presentation on corpus-based digital genre research<\/a><\/h2>\n\n<div class=\"wp-block-post-excerpt\"><p class=\"wp-block-post-excerpt__excerpt\">At the 2025 conference Applied Linguistics in the Face of the Challenges of a Changing World in Pozna\u0144,&hellip;<\/p><p class=\"wp-block-post-excerpt__more-text\"><a class=\"wp-block-post-excerpt__more-link\" href=\"https:\/\/digespedi.us.edu.pl\/index.php\/2025\/10\/01\/presentation-on-corpus-based-digital-genre-research\/\">Read more<\/a><\/p><\/div>\n\n<div class=\"taxonomy-post_tag is-style-post-terms-1 is-style-post-terms-1--5 wp-block-post-terms\"><a href=\"https:\/\/digespedi.us.edu.pl\/index.php\/.\/conference\/\" rel=\"tag\">conference<\/a><span class=\"wp-block-post-terms__separator\"> <\/span><a href=\"https:\/\/digespedi.us.edu.pl\/index.php\/.\/karolina-ryker\/\" rel=\"tag\">Karolina Ryker<\/a><\/div>\n<\/li><li class=\"wp-block-post post-39 post type-post status-publish format-standard has-post-thumbnail hentry category-uncategorized tag-conference tag-krystyna-warchal\">\n<figure style=\"aspect-ratio:4\/3;\" class=\"wp-block-post-featured-image\"><a href=\"https:\/\/digespedi.us.edu.pl\/index.php\/2025\/08\/10\/conference-presentation\/\" target=\"_self\"  ><img loading=\"lazy\" decoding=\"async\" width=\"773\" height=\"594\" src=\"https:\/\/digespedi.us.edu.pl\/wp-content\/uploads\/2025\/08\/AELFE2025_7.jpg\" class=\"attachment-post-thumbnail size-post-thumbnail wp-post-image\" alt=\"AELFE2025: Presentation on multimodal construction of digital identity\" style=\"width:100%;height:100%;object-fit:cover;\" srcset=\"https:\/\/digespedi.us.edu.pl\/wp-content\/uploads\/2025\/08\/AELFE2025_7.jpg 773w, https:\/\/digespedi.us.edu.pl\/wp-content\/uploads\/2025\/08\/AELFE2025_7-300x231.jpg 300w, https:\/\/digespedi.us.edu.pl\/wp-content\/uploads\/2025\/08\/AELFE2025_7-768x590.jpg 768w\" sizes=\"auto, (max-width: 773px) 100vw, 773px\" \/><\/a><\/figure>\n\n<h2 class=\"wp-block-post-title\"><a href=\"https:\/\/digespedi.us.edu.pl\/index.php\/2025\/08\/10\/conference-presentation\/\" target=\"_self\" >AELFE2025: Presentation on multimodal construction of digital identity<\/a><\/h2>\n\n<div class=\"wp-block-post-excerpt\"><p class=\"wp-block-post-excerpt__excerpt\">At the AELFE2025 conference in Castell\u00f3n, our team member Krystyna Warcha\u0142 presented a paper titled Multimodal identity construction&hellip;<\/p><p class=\"wp-block-post-excerpt__more-text\"><a class=\"wp-block-post-excerpt__more-link\" href=\"https:\/\/digespedi.us.edu.pl\/index.php\/2025\/08\/10\/conference-presentation\/\">Read more<\/a><\/p><\/div>\n\n<div class=\"taxonomy-post_tag is-style-post-terms-1 is-style-post-terms-1--6 wp-block-post-terms\"><a href=\"https:\/\/digespedi.us.edu.pl\/index.php\/.\/conference\/\" rel=\"tag\">conference<\/a><span class=\"wp-block-post-terms__separator\"> <\/span><a href=\"https:\/\/digespedi.us.edu.pl\/index.php\/.\/krystyna-warchal\/\" rel=\"tag\">Krystyna Warcha\u0142<\/a><\/div>\n<\/li><\/ul><\/div>\n\n\n\n<div class=\"wp-block-group is-layout-flow wp-block-group-is-layout-flow\"><nav class=\"alignfull wp-block-query-pagination is-content-justification-space-between is-layout-flex wp-container-core-query-pagination-is-layout-b2891da8 wp-block-query-pagination-is-layout-flex\" aria-label=\"Pagination\">\n\n\n<div class=\"wp-block-query-pagination-numbers\"><span aria-current=\"page\" class=\"page-numbers current\">1<\/span>\n<a class=\"page-numbers\" href=\"?query-11-page=2\">2<\/a><\/div>\n\n<a href=\"\/index.php\/wp-json\/wp\/v2\/pages\/24?query-11-page=2\" class=\"wp-block-query-pagination-next\">Next Page<span class='wp-block-query-pagination-next-arrow is-arrow-arrow' aria-hidden='true'>\u2192<\/span><\/a>\n<\/nav><\/div>\n<\/div>\n","protected":false},"excerpt":{"rendered":"<p>Conference presentations: 2026: 2025: 2024: Recent activities<\/p>\n","protected":false},"author":1,"featured_media":0,"parent":0,"menu_order":0,"comment_status":"closed","ping_status":"closed","template":"","meta":{"footnotes":""},"class_list":["post-24","page","type-page","status-publish","hentry"],"_links":{"self":[{"href":"https:\/\/digespedi.us.edu.pl\/index.php\/wp-json\/wp\/v2\/pages\/24","targetHints":{"allow":["GET"]}}],"collection":[{"href":"https:\/\/digespedi.us.edu.pl\/index.php\/wp-json\/wp\/v2\/pages"}],"about":[{"href":"https:\/\/digespedi.us.edu.pl\/index.php\/wp-json\/wp\/v2\/types\/page"}],"author":[{"embeddable":true,"href":"https:\/\/digespedi.us.edu.pl\/index.php\/wp-json\/wp\/v2\/users\/1"}],"replies":[{"embeddable":true,"href":"https:\/\/digespedi.us.edu.pl\/index.php\/wp-json\/wp\/v2\/comments?post=24"}],"version-history":[{"count":15,"href":"https:\/\/digespedi.us.edu.pl\/index.php\/wp-json\/wp\/v2\/pages\/24\/revisions"}],"predecessor-version":[{"id":647,"href":"https:\/\/digespedi.us.edu.pl\/index.php\/wp-json\/wp\/v2\/pages\/24\/revisions\/647"}],"wp:attachment":[{"href":"https:\/\/digespedi.us.edu.pl\/index.php\/wp-json\/wp\/v2\/media?parent=24"}],"curies":[{"name":"wp","href":"https:\/\/api.w.org\/{rel}","templated":true}]}}