{"id":64,"date":"2025-12-17T16:37:31","date_gmt":"2025-12-17T16:37:31","guid":{"rendered":"https:\/\/digespedi.us.edu.pl\/?page_id=64"},"modified":"2026-01-30T10:45:25","modified_gmt":"2026-01-30T10:45:25","slug":"agnieszka-ziora","status":"publish","type":"page","link":"https:\/\/digespedi.us.edu.pl\/index.php\/agnieszka-ziora\/","title":{"rendered":"Agnieszka Ziora"},"content":{"rendered":"\n<figure class=\"wp-block-image aligncenter size-full is-resized\"><img loading=\"lazy\" decoding=\"async\" width=\"1312\" height=\"1967\" src=\"https:\/\/digespedi.us.edu.pl\/wp-content\/uploads\/2026\/01\/1767701615730.jpg\" alt=\"Profile picture of Agnieszka Ziora\" class=\"wp-image-453\" style=\"width:200px\" srcset=\"https:\/\/digespedi.us.edu.pl\/wp-content\/uploads\/2026\/01\/1767701615730.jpg 1312w, https:\/\/digespedi.us.edu.pl\/wp-content\/uploads\/2026\/01\/1767701615730-200x300.jpg 200w, https:\/\/digespedi.us.edu.pl\/wp-content\/uploads\/2026\/01\/1767701615730-683x1024.jpg 683w, https:\/\/digespedi.us.edu.pl\/wp-content\/uploads\/2026\/01\/1767701615730-768x1151.jpg 768w, https:\/\/digespedi.us.edu.pl\/wp-content\/uploads\/2026\/01\/1767701615730-1025x1536.jpg 1025w\" sizes=\"auto, (max-width: 1312px) 100vw, 1312px\" \/><\/figure>\n\n\n\n<h2 class=\"wp-block-heading has-text-align-center has-xx-large-font-size\">Agnieszka Ziora<\/h2>\n\n\n\n<p class=\"has-text-align-center\">PhD candidate<\/p>\n\n\n\n<p>Personal website: <a href=\"http:\/\/agnieszkagegotek.eu\">agnieszkagegotek.eu<\/a><\/p>\n\n\n\n<p>ORCID: <a href=\"https:\/\/href.li\/?https:\/\/orcid.org\/0009-0002-2184-2939\">0009-0002-2184-2939<\/a><\/p>\n\n\n\n<p>Email: <a href=\"mailto:agnieszka.ziora@us.edu.pl\">agnieszka.ziora@us.edu.pl<\/a><\/p>\n\n\n\n<p>Agnieszka Ziora is a Ph.D. student at the Doctoral School of University of Silesia in Katowice. The main aim of her Ph.D. dissertation is the analysis of sentiment and values in citizen science discourse online within the framework of appraisal theory and with the use of corpus linguistics. Additionally, for the purpose of the study, she is compiling a sizeable citizen science corpus and a tool for its analysis in cooperation with Dominik G\u0119gotek.<\/p>\n\n\n\n<p class=\"has-text-align-left\">Professionally she is interested in:<\/p>\n\n\n\n<ul class=\"wp-block-list\">\n<li><strong>sentiment analysis<\/strong>,<\/li>\n\n\n\n<li><strong>corpus linguistics,<\/strong><\/li>\n\n\n\n<li><strong>citizen science,<\/strong><\/li>\n\n\n\n<li><strong>science communication,<\/strong><\/li>\n\n\n\n<li><strong>language of values.<\/strong><\/li>\n<\/ul>\n\n\n\n<p>She is a member of the NEOlinguists research club and a member of the DIGESPEDI research team. She presented on several scientific conferences, including International Young Linguists&#8217; Conference ATENA 2025, Oriental Meetings in Sosnowiec, and IX Konferencja Mi\u0119dzynarodowa Uczelni Lingwistyczno-Technicznej w Przasnyszu. She has given presentations on the language of values in free software discourse and corpus linguistics.<\/p>\n\n\n\n<h2 class=\"wp-block-heading\">Publications<\/h2>\n\n\n\n<p>Ziora, A., &amp; G\u0119gotek, D. (2025). Analysing Values and Emotions in the Face of Modern Changes \u2013 from Psychological Categorization Systems to Computational Linguistic Analysis. W E. Sternal, L. Kilewaja, J. Burzy\u0144ska-Sylwestrzak, &amp; T. Fojt (Redaktorzy), <em>J\u0119zyk warto\u015bci: wyzwania wsp\u00f3\u0142czesnego \u015bwiata<\/em> (s. 102\u2013124). Wydawnictwo Uczelni Lingwistyczno-Technicznej w Przasnyszu.<\/p>\n\n\n\n<h2 class=\"wp-block-heading\">Conference presentations<\/h2>\n\n\n\n<p>G\u0119gotek D., &amp; Ziora A. (2025, November 28-29). <em>Nowoczesne narz\u0119dzia do analizy korpusowej \u2013 limitacje i mo\u017cliwo\u015bci<\/em> [Modern tools for computational analysis \u2013 limitations and possibilities] [Conference presentation]. \u201cGranice i przemiany: Inno\u015b\u0107, Do\u015bwiadczenie, Innowacja w perspektywie humanistycznej,\u201d Wydzia\u0142 Filologiczny Uniwersytetu \u0141\u00f3dzkiego, \u0141\u00f3d\u017a, Poland.<\/p>\n\n\n\n<p>G\u0119gotek D., &amp; Ziora, A. (2025, April 8). <em>Values Presented in Mission Statements of Technological Companies Connected with Open Source Software <\/em>[Conference presentation]. Atena 2025: Young Linguists\u2019 Conference, Rzesz\u00f3w, Poland. <\/p>\n\n\n\n<p>G\u0119gotek D., &amp; Ziora, A. (2025, March 24). <em>Hedging in Multicultural Discourse Based on an Open Source Project \u2013 Zotero<\/em> [Conference presentation]. OMIS \u2013 Oriental Meetings in Sosnowiec, Sosnowiec, Poland.<\/p>\n\n\n\n<p>Ziora, A., &amp; G\u0119gotek, D. (2024, December 7). <em>Analysing values and emotions in the face of modern challenges \u2013 from psychological categorization systems to computational linguistic analysis<\/em> [Conference presentation]. IX Konferencja Mi\u0119dzynarodowa Uczelni Lingwistyczno-Technicznej w Przasnyszu \u201cJ\u0119zyk warto\u015bci: wyzwania wsp\u00f3\u0142czesnego \u015bwiata,\u201d Przasnysz, Poland.<\/p>\n\n\n\n<h3 class=\"wp-block-heading has-text-align-center has-x-large-font-size\" style=\"margin-top:51px;margin-bottom:51px\">Recent activities<\/h3>\n\n\n\n<div class=\"wp-block-query alignwide is-layout-flow wp-block-query-is-layout-flow\">\n<div class=\"wp-block-group is-layout-flow wp-block-group-is-layout-flow\" style=\"padding-top:var(--wp--preset--spacing--50);padding-bottom:var(--wp--preset--spacing--50)\"><ul class=\"wp-block-post-template is-layout-grid wp-container-core-post-template-is-layout-3cd8e4d2 wp-block-post-template-is-layout-grid\"><li class=\"wp-block-post post-329 post type-post status-publish format-standard has-post-thumbnail hentry category-uncategorized tag-agnieszka-ziora tag-dominik-gegotek tag-publication\">\n<figure style=\"aspect-ratio:4\/3;\" class=\"wp-block-post-featured-image\"><a href=\"https:\/\/digespedi.us.edu.pl\/index.php\/2025\/11\/30\/new-publication\/\" target=\"_self\"  ><img loading=\"lazy\" decoding=\"async\" width=\"456\" height=\"305\" src=\"https:\/\/digespedi.us.edu.pl\/wp-content\/uploads\/2025\/11\/Screenshot-From-2026-01-04-12-05-28.png\" class=\"attachment-post-thumbnail size-post-thumbnail wp-post-image\" alt=\"New article on computational analysis of values\" style=\"width:100%;height:100%;object-fit:cover;\" srcset=\"https:\/\/digespedi.us.edu.pl\/wp-content\/uploads\/2025\/11\/Screenshot-From-2026-01-04-12-05-28.png 456w, https:\/\/digespedi.us.edu.pl\/wp-content\/uploads\/2025\/11\/Screenshot-From-2026-01-04-12-05-28-300x201.png 300w\" sizes=\"auto, (max-width: 456px) 100vw, 456px\" \/><\/a><\/figure>\n\n<h2 class=\"wp-block-post-title\"><a href=\"https:\/\/digespedi.us.edu.pl\/index.php\/2025\/11\/30\/new-publication\/\" target=\"_self\" >New article on computational analysis of values<\/a><\/h2>\n\n<div class=\"wp-block-post-excerpt\"><p class=\"wp-block-post-excerpt__excerpt\">We are pleased to announce that our members, Agnieszka Ziora and Dominik G\u0119gotek have just published a book&hellip;<\/p><p class=\"wp-block-post-excerpt__more-text\"><a class=\"wp-block-post-excerpt__more-link\" href=\"https:\/\/digespedi.us.edu.pl\/index.php\/2025\/11\/30\/new-publication\/\">Read more<\/a><\/p><\/div>\n\n<div class=\"taxonomy-post_tag is-style-post-terms-1 is-style-post-terms-1--1 wp-block-post-terms\"><a href=\"https:\/\/digespedi.us.edu.pl\/index.php\/.\/agnieszka-ziora\/\" rel=\"tag\">Agnieszka Ziora<\/a><span class=\"wp-block-post-terms__separator\"> <\/span><a href=\"https:\/\/digespedi.us.edu.pl\/index.php\/.\/dominik-gegotek\/\" rel=\"tag\">Dominik G\u0119gotek<\/a><span class=\"wp-block-post-terms__separator\"> <\/span><a href=\"https:\/\/digespedi.us.edu.pl\/index.php\/.\/publication\/\" rel=\"tag\">publication<\/a><\/div>\n<\/li><li class=\"wp-block-post post-530 post type-post status-publish format-standard has-post-thumbnail hentry category-uncategorized tag-agnieszka-ziora tag-conference tag-dominik-gegotek\">\n<figure style=\"aspect-ratio:4\/3;\" class=\"wp-block-post-featured-image\"><a href=\"https:\/\/digespedi.us.edu.pl\/index.php\/2025\/11\/29\/conference-presentation-on-modern-computational-tools\/\" target=\"_self\"  ><img loading=\"lazy\" decoding=\"async\" width=\"1296\" height=\"972\" src=\"https:\/\/digespedi.us.edu.pl\/wp-content\/uploads\/2026\/01\/granice_przemiany.png\" class=\"attachment-post-thumbnail size-post-thumbnail wp-post-image\" alt=\"Conference presentation on modern computational tools\" style=\"width:100%;height:100%;object-fit:cover;\" srcset=\"https:\/\/digespedi.us.edu.pl\/wp-content\/uploads\/2026\/01\/granice_przemiany.png 1296w, https:\/\/digespedi.us.edu.pl\/wp-content\/uploads\/2026\/01\/granice_przemiany-300x225.png 300w, https:\/\/digespedi.us.edu.pl\/wp-content\/uploads\/2026\/01\/granice_przemiany-1024x768.png 1024w, https:\/\/digespedi.us.edu.pl\/wp-content\/uploads\/2026\/01\/granice_przemiany-768x576.png 768w\" sizes=\"auto, (max-width: 1296px) 100vw, 1296px\" \/><\/a><\/figure>\n\n<h2 class=\"wp-block-post-title\"><a href=\"https:\/\/digespedi.us.edu.pl\/index.php\/2025\/11\/29\/conference-presentation-on-modern-computational-tools\/\" target=\"_self\" >Conference presentation on modern computational tools<\/a><\/h2>\n\n<div class=\"wp-block-post-excerpt\"><p class=\"wp-block-post-excerpt__excerpt\">At the &#8220;Granice i przemiany: Inno\u015b\u0107, Do\u015bwiadczenie, Innowacja w perspektywie humanistycznej&#8221; [Limits and transformation: Otherness, Experience, Innovation from&hellip;<\/p><p class=\"wp-block-post-excerpt__more-text\"><a class=\"wp-block-post-excerpt__more-link\" href=\"https:\/\/digespedi.us.edu.pl\/index.php\/2025\/11\/29\/conference-presentation-on-modern-computational-tools\/\">Read more<\/a><\/p><\/div>\n\n<div class=\"taxonomy-post_tag is-style-post-terms-1 is-style-post-terms-1--2 wp-block-post-terms\"><a href=\"https:\/\/digespedi.us.edu.pl\/index.php\/.\/agnieszka-ziora\/\" rel=\"tag\">Agnieszka Ziora<\/a><span class=\"wp-block-post-terms__separator\"> <\/span><a href=\"https:\/\/digespedi.us.edu.pl\/index.php\/.\/conference\/\" rel=\"tag\">conference<\/a><span class=\"wp-block-post-terms__separator\"> <\/span><a href=\"https:\/\/digespedi.us.edu.pl\/index.php\/.\/dominik-gegotek\/\" rel=\"tag\">Dominik G\u0119gotek<\/a><\/div>\n<\/li><li class=\"wp-block-post post-533 post type-post status-publish format-standard has-post-thumbnail hentry category-uncategorized tag-agnieszka-ziora tag-conference tag-dominik-gegotek\">\n<figure style=\"aspect-ratio:4\/3;\" class=\"wp-block-post-featured-image\"><a href=\"https:\/\/digespedi.us.edu.pl\/index.php\/2025\/04\/08\/atena-2025-presentation-on-values-in-mission-statements-of-open-source-companies\/\" target=\"_self\"  ><img loading=\"lazy\" decoding=\"async\" width=\"632\" height=\"474\" src=\"https:\/\/digespedi.us.edu.pl\/wp-content\/uploads\/2026\/01\/atena_logo.jpg\" class=\"attachment-post-thumbnail size-post-thumbnail wp-post-image\" alt=\"Atena 2025: Presentation on values in mission statements of open source companies\" style=\"width:100%;height:100%;object-fit:cover;\" srcset=\"https:\/\/digespedi.us.edu.pl\/wp-content\/uploads\/2026\/01\/atena_logo.jpg 632w, https:\/\/digespedi.us.edu.pl\/wp-content\/uploads\/2026\/01\/atena_logo-300x225.jpg 300w\" sizes=\"auto, (max-width: 632px) 100vw, 632px\" \/><\/a><\/figure>\n\n<h2 class=\"wp-block-post-title\"><a href=\"https:\/\/digespedi.us.edu.pl\/index.php\/2025\/04\/08\/atena-2025-presentation-on-values-in-mission-statements-of-open-source-companies\/\" target=\"_self\" >Atena 2025: Presentation on values in mission statements of open source companies<\/a><\/h2>\n\n<div class=\"wp-block-post-excerpt\"><p class=\"wp-block-post-excerpt__excerpt\">At the Atena 2025 online conference organised by University of Rzeszow, Dominik G\u0119gotek and Agnieszka Ziora presented a&hellip;<\/p><p class=\"wp-block-post-excerpt__more-text\"><a class=\"wp-block-post-excerpt__more-link\" href=\"https:\/\/digespedi.us.edu.pl\/index.php\/2025\/04\/08\/atena-2025-presentation-on-values-in-mission-statements-of-open-source-companies\/\">Read more<\/a><\/p><\/div>\n\n<div class=\"taxonomy-post_tag is-style-post-terms-1 is-style-post-terms-1--3 wp-block-post-terms\"><a href=\"https:\/\/digespedi.us.edu.pl\/index.php\/.\/agnieszka-ziora\/\" rel=\"tag\">Agnieszka Ziora<\/a><span class=\"wp-block-post-terms__separator\"> <\/span><a href=\"https:\/\/digespedi.us.edu.pl\/index.php\/.\/conference\/\" rel=\"tag\">conference<\/a><span class=\"wp-block-post-terms__separator\"> <\/span><a href=\"https:\/\/digespedi.us.edu.pl\/index.php\/.\/dominik-gegotek\/\" rel=\"tag\">Dominik G\u0119gotek<\/a><\/div>\n<\/li><li class=\"wp-block-post post-537 post type-post status-publish format-standard has-post-thumbnail hentry category-uncategorized tag-agnieszka-ziora tag-conference tag-dominik-gegotek\">\n<figure style=\"aspect-ratio:4\/3;\" class=\"wp-block-post-featured-image\"><a href=\"https:\/\/digespedi.us.edu.pl\/index.php\/2025\/03\/24\/omis-2025-presentation-on-hedge-phrases-in-open-source-projects\/\" target=\"_self\"  ><img loading=\"lazy\" decoding=\"async\" width=\"724\" height=\"543\" src=\"https:\/\/digespedi.us.edu.pl\/wp-content\/uploads\/2026\/01\/omis.png\" class=\"attachment-post-thumbnail size-post-thumbnail wp-post-image\" alt=\"OMIS 2025: Presentation on hedge phrases in open source projects\" style=\"width:100%;height:100%;object-fit:cover;\" srcset=\"https:\/\/digespedi.us.edu.pl\/wp-content\/uploads\/2026\/01\/omis.png 724w, https:\/\/digespedi.us.edu.pl\/wp-content\/uploads\/2026\/01\/omis-300x225.png 300w\" sizes=\"auto, (max-width: 724px) 100vw, 724px\" \/><\/a><\/figure>\n\n<h2 class=\"wp-block-post-title\"><a href=\"https:\/\/digespedi.us.edu.pl\/index.php\/2025\/03\/24\/omis-2025-presentation-on-hedge-phrases-in-open-source-projects\/\" target=\"_self\" >OMIS 2025: Presentation on hedge phrases in open source projects<\/a><\/h2>\n\n<div class=\"wp-block-post-excerpt\"><p class=\"wp-block-post-excerpt__excerpt\">At the &#8220;Oriental meetings in Sosnowiec&#8221; conference in Sosnowiec, Poland, our members Agnieszka Ziora and Dominik G\u0119gotek presented&hellip;<\/p><p class=\"wp-block-post-excerpt__more-text\"><a class=\"wp-block-post-excerpt__more-link\" href=\"https:\/\/digespedi.us.edu.pl\/index.php\/2025\/03\/24\/omis-2025-presentation-on-hedge-phrases-in-open-source-projects\/\">Read more<\/a><\/p><\/div>\n\n<div class=\"taxonomy-post_tag is-style-post-terms-1 is-style-post-terms-1--4 wp-block-post-terms\"><a href=\"https:\/\/digespedi.us.edu.pl\/index.php\/.\/agnieszka-ziora\/\" rel=\"tag\">Agnieszka Ziora<\/a><span class=\"wp-block-post-terms__separator\"> <\/span><a href=\"https:\/\/digespedi.us.edu.pl\/index.php\/.\/conference\/\" rel=\"tag\">conference<\/a><span class=\"wp-block-post-terms__separator\"> <\/span><a href=\"https:\/\/digespedi.us.edu.pl\/index.php\/.\/dominik-gegotek\/\" rel=\"tag\">Dominik G\u0119gotek<\/a><\/div>\n<\/li><\/ul><\/div>\n\n\n\n<div class=\"wp-block-group is-layout-flow wp-block-group-is-layout-flow\"><\/div>\n<\/div>\n\n\n\n<p><\/p>\n","protected":false},"excerpt":{"rendered":"<p>Agnieszka Ziora PhD candidate Personal website: agnieszkagegotek.eu ORCID: 0009-0002-2184-2939 Email: agnieszka.ziora@us.edu.pl Agnieszka Ziora is a Ph.D. student at the Doctoral School of University of Silesia in Katowice. The main aim of her Ph.D. dissertation is the analysis of sentiment and values in citizen science discourse online within the framework of appraisal theory and with the [&hellip;]<\/p>\n","protected":false},"author":1,"featured_media":0,"parent":0,"menu_order":0,"comment_status":"closed","ping_status":"closed","template":"","meta":{"footnotes":""},"class_list":["post-64","page","type-page","status-publish","hentry"],"_links":{"self":[{"href":"https:\/\/digespedi.us.edu.pl\/index.php\/wp-json\/wp\/v2\/pages\/64","targetHints":{"allow":["GET"]}}],"collection":[{"href":"https:\/\/digespedi.us.edu.pl\/index.php\/wp-json\/wp\/v2\/pages"}],"about":[{"href":"https:\/\/digespedi.us.edu.pl\/index.php\/wp-json\/wp\/v2\/types\/page"}],"author":[{"embeddable":true,"href":"https:\/\/digespedi.us.edu.pl\/index.php\/wp-json\/wp\/v2\/users\/1"}],"replies":[{"embeddable":true,"href":"https:\/\/digespedi.us.edu.pl\/index.php\/wp-json\/wp\/v2\/comments?post=64"}],"version-history":[{"count":22,"href":"https:\/\/digespedi.us.edu.pl\/index.php\/wp-json\/wp\/v2\/pages\/64\/revisions"}],"predecessor-version":[{"id":593,"href":"https:\/\/digespedi.us.edu.pl\/index.php\/wp-json\/wp\/v2\/pages\/64\/revisions\/593"}],"wp:attachment":[{"href":"https:\/\/digespedi.us.edu.pl\/index.php\/wp-json\/wp\/v2\/media?parent=64"}],"curies":[{"name":"wp","href":"https:\/\/api.w.org\/{rel}","templated":true}]}}